{"id":266,"date":"2019-08-25T19:23:56","date_gmt":"2019-08-25T17:23:56","guid":{"rendered":"https:\/\/societetpm.com\/?page_id=266"},"modified":"2019-10-28T15:04:33","modified_gmt":"2019-10-28T14:04:33","slug":"recrutement","status":"publish","type":"page","link":"https:\/\/societetpm.com\/index.php\/recrutement\/","title":{"rendered":"Recrutement"},"content":{"rendered":"\n<p style=\"text-align:center\">Vous souhaitez rejoindre notre \u00e9quipe, n&rsquo;h\u00e9sitez pas \u00e0 nous adresser votre candidature \u00e0 :<\/p>\n\n\n\n<p style=\"color:#146797;text-align:center\" class=\"has-text-color has-medium-font-size\"><strong>contact@societetpm.com<\/strong><\/p>\n\n\n\n<p><\/p>\n\n\n\n<p><\/p>\n","protected":false},"excerpt":{"rendered":"<p>Vous souhaitez rejoindre notre \u00e9quipe, n&rsquo;h\u00e9sitez pas \u00e0 nous adresser votre candidature \u00e0 : contact@societetpm.com<\/p>\n","protected":false},"author":1,"featured_media":0,"parent":0,"menu_order":0,"comment_status":"closed","ping_status":"closed","template":"","meta":{"footnotes":""},"_links":{"self":[{"href":"https:\/\/societetpm.com\/index.php\/wp-json\/wp\/v2\/pages\/266"}],"collection":[{"href":"https:\/\/societetpm.com\/index.php\/wp-json\/wp\/v2\/pages"}],"about":[{"href":"https:\/\/societetpm.com\/index.php\/wp-json\/wp\/v2\/types\/page"}],"author":[{"embeddable":true,"href":"https:\/\/societetpm.com\/index.php\/wp-json\/wp\/v2\/users\/1"}],"replies":[{"embeddable":true,"href":"https:\/\/societetpm.com\/index.php\/wp-json\/wp\/v2\/comments?post=266"}],"version-history":[{"count":8,"href":"https:\/\/societetpm.com\/index.php\/wp-json\/wp\/v2\/pages\/266\/revisions"}],"predecessor-version":[{"id":634,"href":"https:\/\/societetpm.com\/index.php\/wp-json\/wp\/v2\/pages\/266\/revisions\/634"}],"wp:attachment":[{"href":"https:\/\/societetpm.com\/index.php\/wp-json\/wp\/v2\/media?parent=266"}],"curies":[{"name":"wp","href":"https:\/\/api.w.org\/{rel}","templated":true}]}}